 117. Give l(1).
-203
Let h(p) = -11*p - 627. Calculate h(-49).
-88
Let j(u) = 5*u**2 + 45*u - 186. Give j(-12).
-6
Let p(h) = h**3 - 4*h**2 - 35*h + 169. Calculate p(5).
19
Let g(p) = -2*p**3 - p**2 - 5*p - 18. Give g(-4).
114
Let t(j) = -21*j**2 - 125*j - 27. Determine t(-6).
-33
Let t(q) = 9*q**3 - q**2 - 36*q + 36. What is t(1)?
8
Let j(m) = -50*m + 1089. Determine j(20).
89
Let f(a) = -61*a + 971. Calculate f(16).
-5
Let z(d) = -d**2 - 7*d - 27. Calculate z(-13).
-105
Let b(n) = n**3 - 66*n**2 - 84*n + 1054. Give b(67).
-85
Let g(f) = 3*f**2 + 87*f + 5. Give g(-29).
5
Let o(v) = v**2 + 57*v + 564. Determine o(-29).
-248
Let c(q) = -q**3 - 5*q**2 - 46*q + 116. Determine c(2).
-4
Let p(g) = -7488*g - 157245. What is p(-21)?
3
Let g(z) = -z**3 + 47*z**2 - 50*z + 21. What is g(46)?
-163
Let q(u) = -1222*u + 4894. Determine q(4).
6
Let l(p) = -p**3 + 19*p**2 - 8*p + 42. Determine l(16).
682
Let u(t) = -73*t + 62. Give u(-1).
135
Let z(y) = -2*y**3 - 33*y**2 + 11*y + 16. Calculate z(-16).
-416
Let c(d) = 137*d - 691. What is c(5)?
-6
Let j(v) = v**3 - 5*v**2 - 252*v + 1277. Determine j(5).
17
Let l(j) = 7*j**3 - 23*j + 22. Determine l(1).
6
Let a(v) = -v**3 - 21*v**2 + 66*v - 132. What is a(-24)?
12
Let d(m) = 21*m - 117. What is d(16)?
219
Let s(j) = -j**3 + 25*j**2 - 97*j + 1381. Calculate s(21).
1108
Let o(h) = 4*h**3 + h**2 + 10*h - 35. Determine o(-5).
-560
Let c(r) = 38*r + 125. What is c(-5)?
-65
Let t(g) = -g**3 - 14*g**2 - 2*g - 54. Determine t(-15).
201
Let k(d) = -d**2 + 159*d + 17266. Give k(-74).
24
Let l(v) = -9*v**2 + 127*v + 6. What is l(14)?
20
Let x(o) = 26*o - 590. Calculate x(24).
34
Let l(i) = i**3 + 10*i**2 + 30*i - 31. Determine l(-8).
-143
Let v(k) = -136*k + 3124. What is v(23)?
-4
Let r(z) = -150*z - 4484. Calculate r(-30).
16
Let n(p) = 148*p - 2656. What is n(18)?
8
Let t(w) = 2*w**3 - 123*w**2 + 666*w - 2. Give t(6).
-2
Let y(g) = -27*g - 1. Determine y(0).
-1
Let s(w) = -30*w - 295. Give s(-12).
65
Let h(t) = t**2 + 61*t - 864. Calculate h(12).
12
Let b(o) = 17*o + 193. Determine b(-11).
6
Let f(j) = j**3 + 10*j**2 + 16*j - 13. Give f(-6).
35
Let j(a) = -a**3 + 12*a**2 + 6*a + 87. Determine j(11).
274
Let d(r) = -2*r**2 + 6*r + 55. Give d(7).
-1
Let m(g) = 2*g**2 + 2*g + 181. Give m(0).
181
Let k(b) = -b**3 - 27*b**2 - 54*b - 1454. What is k(-27)?
4
Let t(b) = 4*b**2 - 19*b - 26. Give t(-7).
303
Let a(f) = -337*f + 62002. What is a(184)?
-6
Let o(f) = 342*f - 4111. What is o(12)?
-7
Let s(t) = -t**2 + 50*t - 380. Give s(42).
-44
Let r(z) = 2*z**2 + 10*z - 11. Give r(0).
-11
Let p(v) = 8*v**2 - 136*v - 11. Give p(19).
293
Let w(t) = -t**3 - 9*t**2 - 27*t - 23. Give w(-4).
5
Let n(t) = -5*t**3 - 510*t**2 + 2*t + 202. Calculate n(-102).
-2
Let m(k) = k**3 + 29*k**2 - 36*k + 293. Calculate m(-30).
473
Let c(u) = -u**3 - 46*u**2 - 191*u - 60. Give c(-41).
-634
Let o(p) = p**2 + 18*p + 22. Calculate o(-13).
-43
Let x(k) = -3005*k + 21031. Give x(7).
-4
Let d(m) = 2*m**2 + 182*m + 3660. What is d(-30)?
0
Let w(c) = c**3 - 11*c**2 + 14*c + 27. Calculate w(10).
67
Let c(r) = -r**2 - 75*r - 737. Determine c(-12).
19
Let n(h) = h**3 + 54*h**2 + 6*h + 332. Calculate n(-54).
8
Let x(g) = g**2 + 101*g + 1434. Determine x(-84).
6
Let l(i) = -i**3 + 30*i**2 + 3*i - 80. Give l(30).
10
Let n(o) = -138*o + 1125. Determine n(8).
21
Let j(q) = -2*q**2 + 98*q + 2074. Determine j(-16).
-6
Let k(g) = 2*g**2 + 80*g + 714. Determine k(-22).
-78
Let q(x) = -75*x - 2602. Calculate q(-35).
23
Let o(a) = a**3 - 30*a**2 + 55*a + 92. Give o(28).
64
Let x(i) = 33*i**2 + 223*i - 24. Determine x(-7).
32
Let x(g) = -g**2 + 28*g - 47. Calculate x(27).
-20
Let c(k) = -56*k**3 + 18*k - 19. What is c(1)?
-57
Let p(d) = -53*d + 1227. Calculate p(23).
8
Let t(q) = -q**3 + 53*q**2 - 117*q - 1653. Give t(50).
-3
Let d(y) = -y**2 - 283*y + 1724. Determine d(6).
-10
Let z(k) = 2*k**3 - 2*k**2 + 12*k - 31. What is z(3)?
41
Let l(x) = -2*x**2 - 36*x + 633. Give l(-29).
-5
Let o(j) = -j**3 - 18*j**2 - 77*j - 14. Give o(-7).
-14
Let r(g) = -2*g**2 + 23*g + 453. What is r(22)?
-9
Let c(r) = -r**3 + 6*r**2 + 2*r - 45. Calculate c(6).
-33
Let j(z) = -24*z - 48. Determine j(-19).
408
Let k(d) = -3*d**2 + 179*d + 29. Determine k(60).
-31
Let t(k) = k**2 + 164*k - 2523. What is t(-178)?
-31
Let l(o) = 2*o**2 + 74*o + 1554. Calculate l(-21).
882
Let i(s) = 33*s**3 + 6*s**2 + 8*s - 1. Give i(-2).
-257
Let i(r) = -20*r**3 - 123*r**2 + 128*r - 7. What is i(1)?
-22
Let p(u) = u**3 + 15*u**2 + 50*u - 43. Give p(-9).
-7
Let x(d) = -2*d**3 + 9*d**2 + 212*d - 452. Calculate x(2).
-8
Let z(i) = -80*i**2 - 6487*i - 559. Calculate z(-81).
8
Let l(v) = v**3 + 25*v**2 - v - 66. What is l(-25)?
-41
Let t(l) = -l**2 + 44*l + 1209. Give t(60).
249
Let h(w) = 941*w + 7567. Determine h(-8).
39
Let g(m) = -922*m + 11059. Calculate g(12).
-5
Let c(l) = -39*l + 203. Give c(5).
8
Let h(c) = -12398*c - 12390. What is h(-1)?
8
Let n(y) = 12*y + 63. Give n(-20).
-177
Let k(r) = 2*r**2 + 801*r + 7049. Give k(-9).
2
Let n(t) = 49*t + 106. What is n(-2)?
8
Let u(c) = 23*c + 443. What is u(-19)?
6
Let g(r) = 25*r - 988. Give g(42).
62
Let m(k) = 69*k - 372. Calculate m(5).
-27
Let a(m) = m**3 - 4*m + 389. Determine a(0).
389
Let s(z) = 91*z**2 + 16468*z - 548. Calculate s(-181).
-5
Let s(k) = -k**3 - 17*k**2 + 29*k - 148. Determine s(-19).
23
Let z(w) = -161*w - 9152. What is z(-57)?
25
Let i(u) = -14*u + 28. Calculate i(-5).
98
Let s(g) = -5*g**2 - 20*g + 23. What is s(-5)?
-2
Let s(a) = 4*a**2 + 49*a + 556. Determine s(-15).
721
Let l(y) = y**3 - 321*y**2 - 4695*y - 51. Determine l(-14).
19
Let y(w) = -10*w**2 + 366*w + 43. Calculate y(36).
259
Let s(h) = -h**3 - 14*h**2 + 15*h + 18. Give s(-15).
18
Let v(t) = t**2 + 76*t - 3304. Give v(31).
13
Let p(b) = 91*b - 2398. Give p(27).
59
Let v(r) = r**3 - 22*r**2 - 48*r + 2. Calculate v(24).
2
Let l(u) = 277*u - 6921. What is l(25)?
4
Let g(z) = 44*z**2 + 27*z - 127. What is g(-2)?
-5
Let y(w) = -w**3 + 10*w**2 + 5*w - 2. What is y(11)?
-68
Let b(m) = m**3 + 119*m**2 + 218*m - 29. Determine b(-2).
3
Let d(s) = s**3 + 8*s**2 + 7*s + 45. Calculate d(-9).
-99
Let j(m) = 159*m + 3960. What is j(-25)?
-15
Let x(q) = q**3 + 171*q**2 - 370*q - 4155. What is x(-173)?
-3
Let w(z) = -353*z - 1161. Give w(-2).
-455
Let w(r) = -r**2 - 43*r + 180. What is w(-47)?
-8
Let a(r) = -17*r + 140. Give a(7).
21
Let z(j) = -j**2 - 197*j + 200. Calculate z(1).
2
Let x(o) = 9*o**3 - 333*o**2 + 5*o - 189. What is x(37)?
-4
Let u(n) = 10*n**2 - 32*n - 100. What is u(5)?
-10
Let h(s) = -8*s - 202. Calculate h(-32).
54
Let g(y) = -51*y + 1728. Calculate g(34).
-6
Let m(v) = 2*v**3 - 14*v**2 - 179*v + 846. What is m(4)?
34
Let n(p) = -6472*p + 12933. Determine n(2).
-11
Let t(c) = 92*c**2 - 71*c + 69. Give t(1).
90
Let z(r) = -130*r + 1453. Calculate z(11).
23
Let c(v) = v**3 + 81*v**2 - 59. What is c(-81)?
-59
Let w(o) = -2*o**2 - 151*o + 2500. Determine w(14).
-6
Let n(z) = -3*z**3 + 10*z**2 - 3*z + 118. Give n(0).
118
Let d(i) = 2*i**3 - 10*i**2 - 28*i + 150. What is d(5)?
10
Let g(s) = -2*s**3 + 107*s**2 - 116*s - 2077. What is g(52)?
3
Let u(d) = 180*d - 58. Determine u(0).
-58
Let t(r) = r**3 - 8*r**2 + 17*r - 1. Determine t(7).
69
Let b(u) = 4447*u - 22236. Give b(5).
-1
Let c(b) = b**2 - 14*b - 2793. Give c(-46).
-33
Let x(s) = 33*s - 572. Give x(-8).
-836
Let i(u) = 8*u**3 + 58*u**2 + 19*u + 6. What is i(-7)?
-29
Let f(s) = -s**3 - 3*s**2 + 24*s + 29. What is f(-6)?
-7
Let v(z) = z**2 + 121*z - 5446. Calculate v(35).
14
Let j(v) = -2*v**3 + 129*v**2 + 63*v + 34. What is j(65)?
-96
Let w(k) = -k**3 + 16*k**2 - 27*k + 155. Determine w(16).
-277
Let y(v) = v**3 + 13*v**2 - 14*v + 13. What is y(-14)?
13
Let o(b) = 24*b**2 + 454*b - 44. Give o(-19).
-6
Let h(q) = 5*q**2 + 98*q + 103. Calculate h(-18).
-41
Let c(x) = -x**3 + 53*x**2 + 1020*x - 35. Determine c(68).
-35
Let z(a) = -a**3 - 4*a**2 + 3*a - 21. Determine z(-7).
105
Let i(m) = -45*m + 1314. Determine i(30).
-36
Let t(s) = 19*s + 876. Calculate t(-46).
2
Let o(h) = -h**3 - 95*h**2 - 1983*h + 14. Determine o(-31).
-17
Let m(r) = -r**3 - 75*r**2 - 1355*r + 1308. Determine m(-42).
6
Let h(s) = 2*s**3 + 55*s**2 - 66*s - 42. What is h(-28)?
1022
Let d(f) = -4756*f + 14272. What is d(3)?
4
Let b(k) = -19*k - 216. Determ